c be w(9). Let n(q) = 5*q - q**3 - 2 + c*q - 8*q + 4*q**2. What is n(2)?
4
Let m = -233 + 233. Let x(s) = s**2 + s - 5. Calculate x(m).
-5
Suppose 5*c - 14 = 3*c. Let k(s) = 5*s**2 + 3*s - 10. Let q(v) = -3*v**2 + 3*v. Let p(a) = -k(a) - 2*q(a). Calculate p(c).
-4
Suppose -4*x = -26 + 2. Suppose -5*l + 3*l = -x. Let n(d) = -3 - d + 2*d + l - 2. Give n(4).
2
Let i be 4/2*(4 + -3 + 3). Let v = i - 7. Let d(k) = 4 + 5*k - 3 + 0*k. What is d(v)?
6
Let c be (6/15 + 0)*5. Suppose l + l - 4*a - 12 = 0, c*l + 8 = -a. Let b(z) be the first derivative of -z**2/2 + z - 8. What is b(l)?
3
Let x(s) be the second derivative of -s**5/20 + s**4/6 + s**3/3 - s**2 - 5*s - 14. Give x(-2).
10
Suppose -32 = -4*x + 5*t, 4*x - 25 = -5*t + 7. Let y = 2 - x. Let s(u) = u. Let z be s(y). Let b(g) = -g**3 - 7*g**2 - 6*g - 5. Determine b(z).
-5
Let y(a) = 2*a + 2*a - 3 - 2*a. Let u be 4/10 - 115/(-25). Give y(u).
7
Let r be (-1 - -1)/(-10 + 8). Suppose w + 24 = -r*k - 4*k, 12 = -4*k + 2*w. Let o(l) = 4*l**2 + 5*l**2 + 6 - 2*l - 5*l**2 + l**3. Determine o(k).
-9
Let g(b) = -b**3 - 6*b - 3 + 0*b**2 + 5*b**2 + b**2 - 2 + 8*b. Give g(6).
7
Let f(y) = -4*y**3 - 7*y**2 + 3*y + 7. Let i(g) = 11*g**3 + 21*g**2 - 7*g - 23. Let w(t) = -8*f(t) - 3*i(t). Calculate w(-6).
-5
Let u(l) be the second derivative of -l**3/6 - 29*l**2/2 + l + 49. What is u(0)?
-29
Let c be (-96)/16 - 7/7. Let k(f) = f**3 + f**2 + f - 1. Let t(x) = -4*x**3 + 2*x**2 - 5*x + 8. Let q(o) = -5*k(o) - t(o). Give q(c).
-3
Suppose -4*j + 4*c + 46 = 6*c, 5*j = 2*c + 62. Let f be (-46)/(-11) - j/66. Let a(n) = -n + 0 - 3 + 1 + 1. Determine a(f).
-5
Let l(m) = m**3 - 7*m**2 + m - 7. Let j(x) = -6 - 10*x + 15*x - 6*x**2 - 4*x. Let z(y) = 7*j(y) - 6*l(y). What is z(-1)?
5
Let l(o) = o**3 - 3*o**2 + 2*o + 2. Suppose 0*j = -4*j - 52. Let s be (-2)/j - 144/(-78). Calculate l(s).
2
Let y(l) be the second derivative of -l**3/6 - 31*l**2/2 - 100*l + 1. Determine y(-16).
-15
Let v(k) = 7*k**3 + k**2 + k. Let u(s) = -20*s**3 - 10*s**2 - 12*s - 5. Let t(z) = -u(z) - 3*v(z). Give t(7).
68
Let w = 16 - 19. Let c be ((-10)/(-25))/(w/30). Let t(o) = -1 + 1 + 3*o + 2 + 2*o**2 - o**2. Give t(c).
6
Let w(t) = 8*t + 1. Suppose 0 = -4*z + 2*f, -3*z + 0*z + 2*f = 2. Give w(z).
17
Suppose -2*s = 5*a + 3 - 31, -4*a = -4*s. Let p(u) = -u**3 + 3*u**2 + 1. Give p(a).
-15
Let g(p) = 3*p**2 - 2*p + 1. Let w be g(1). Let l(b) = -2*b**2 - b**w + b**2 + b + 85 - 87. Calculate l(2).
-8
Let m = 12 - 1. Let l be (-4)/22 - (-46)/m. Suppose -2*w = z - 3*z + 14, -z + 22 = -l*w. Let d(h) = -2*h**2 + 2*h + 1. Determine d(z).
-3
Let g(s) = s**2 + 7*s - 5. Let t be g(-7). Let h(i) be the first derivative of -i**4/4 - 2*i**3 - 3*i**2 + 2*i + 151. Give h(t).
7
Let n(c) be the second derivative of -c**5/2 - c**4/6 + c**3/6 + c**2 + 576*c. Calculate n(-1).
9
Let o(c) = -c. Let r(d) = -4*d - 2. Let f(h) = -6*o(h) + r(h). Let u = 24 + -12. Suppose -3*i - u = -7*i. What is f(i)?
4
Let z(w) be the second derivative of -w**5/20 + 3*w**4/4 - 3*w**3/2 + w**2 - 8*w. Let d = 38 - 38. Suppose d*c - 8 = -c + g, 3*g - 8 = -c. Determine z(c).
-6
Let d(h) = -2*h - 8. Let x = -644 + 640. Determine d(x).
0
Let k(i) = 5*i**2 + 1446 + i**3 - 1448 + 2*i + i**2. Give k(-5).
13
Let n(j) be the third derivative of -j**4/12 - j**3/6 + j**2. Let l(s) = -s - 4. Let f be 5 - (0 + 13) - -1*1. Let h be l(f). Determine n(h).
-7
Let t(v) = -13*v**2 - 22*v - 4. Let c be t(-2). Let o(m) = -m - 16. Determine o(c).
-4
Let j(d) = -6*d + 2*d - 6 - 1. Let i(x) = 20*x + 35. Let g(l) = -3*l**2 - 46*l - 54. Let n be g(-14). Let y(o) = n*i(o) + 11*j(o). Calculate y(-5).
13
Let i(z) = 4*z**3 + 3*z**2 - 9*z + 7. Let b(x) = -11*x**3 - 10*x**2 + 26*x - 20. Let j(t) = -3*b(t) - 8*i(t). Give j(-7).
-3
Let f(u) = -u**2 - 3*u - 4. Let d be 3*-2 - (2 - 5). Give f(d).
-4
Let i(t) = -2*t + 4*t + 7 - 3*t. Let a be -1*(-2)/4*(0 + 8). Suppose 2 - 14 = -a*d. What is i(d)?
4
Let s = -12 + 14. Suppose 3*m - 3*l - 51 = l, -4*l = s*m - 14. Let v = 11 - m. Let x(q) = q**3 + 2*q**2 - 2*q - 2. Calculate x(v).
2
Let q(d) be the second derivative of -d**3/6 + 3*d**2 + 22*d - 5. Determine q(-14).
20
Let p(i) = -2*i - 49. Let n(k) = -k - 17. Let o(y) = -8*n(y) + 3*p(y). Determine o(5).
-1
Let b(l) = 59*l - 113*l + 7 + 53*l. Let v = 4 - 1. Calculate b(v).
4
Let m be 16/(-6)*9/(-12). Let h(t) = -3 - m + 12 - 18*t + 19*t. Let u(k) = -k**3 + k**2 - 2*k + 3. Let o be u(2). Determine h(o).
2
Let i(t) be the second derivative of t**8/960 + t**5/120 + 13*t**4/12 + 14*t. Let m(u) be the third derivative of i(u). Give m(1).
8
Let k(j) = -4*j**3 + j**3 - 11*j**2 + 3 + 18*j**2 + 2*j**3. Calculate k(7).
3
Let d(v) = 6*v - v**2 + 0*v**2 - 5*v + 8*v**2 - v**3 - 9. Give d(7).
-2
Let y be (375/10)/(-15)*-2. Let h(t) be the third derivative of 0*t + 1/2*t**3 + 1/60*t**y - 3*t**2 + 0 + 1/12*t**4. Give h(-4).
11
Suppose -3*k + 1 = -2*k. Suppose -6 = 4*h - 3*q + k, -5*h = -2*q. Let j(s) = s**3 - s**2 + s - 2. Give j(h).
4
Let z(m) = 3*m + 9. Let v(g) = -2*g**2 - 11*g - 3. Let d(n) = n + 1. Let k(u) = 2*d(u) + v(u). Let s be k(-5). Calculate z(s).
-9
Let h(v) = v - 1 - 4*v + 0 + 2 + 6*v**2 - 5. Give h(3).
41
Let h(d) = d + 2. Let j = 28 - 26. Suppose t + 5*w + 7 = 0, 5*w + j = -8. Let n = t - -4. Calculate h(n).
9
Let x(d) = -d - 5. Let n(h) = h - 12. Let v be n(3). Let p be (2 + v/2)*2. What is x(p)?
0
Let t(o) = -o**3 - o**2 + 15. Let v be (-3 + 5/15)*-3. Let f(s) = -s**3 + 7*s**2 + 7*s + 8. Let w be f(v). What is t(w)?
15
Let m be 51*8/36*3. Let q = m + -40. Let f(s) = s**2 + 8*s + 5. Calculate f(q).
-7
Let h(j) = j**3 + j - 2. Let v(r) = 2*r**3 + 7*r**2 + 3*r - 1. Let m(w) = -3*h(w) + v(w). Determine m(6).
41
Let q(z) = 2*z + 4. Let u(v) = 10*v + 20. Let r(x) = 16*q(x) - 3*u(x). Let g(h) = h**2 + 19*h - 4. Let k = -10 - 9. Let a be g(k). Give r(a).
-4
Let l(q) = -2*q**2 - 4*q - 1. Suppose -12*m + 9*m - 6 = 0. Let z be (m/(-6))/((-7)/84). What is l(z)?
-17
Let v(r) be the second derivative of -r**5/20 - 3*r**4/4 + 5*r**3/3 + 9*r**2/2 - 193*r. What is v(-10)?
9
Let d(c) = 4*c - 5. Let z(l) = l**3 - 10*l**2 + l - 7. Let g be z(10). Calculate d(g).
7
Let f(a) = 6*a**2 - 2*a + 1. Let m be ((-2)/(-10))/((-2)/(-30)*3). Determine f(m).
5
Let y(q) = -q + 1. Let l(t) = -t**3 + 9*t**2 + t - 8. Let p be l(9). Let r be ((-4)/8)/(p/2). Determine y(r).
2
Let v(g) = g**3 - g**2 + 2. Suppose 0 = -4*z + z. Let y(c) = -c - 7. Let p be y(z). Let j = p + 7. What is v(j)?
2
Let c(m) = -m**3 + m**2 + 2*m - 1. Let z = 15 - 6. Suppose 14*r = z*r - 10. Determine c(r).
7
Let w be (-6)/(-15) + (-77)/330. Let u(n) be the second derivative of n + 0*n**2 + 0 + w*n**3. Determine u(3).
3
Let s(h) = -h**3 + 7*h**2 + 15*h - 93. Let l be s(7). Let b(m) = -m**3 + 13*m**2 - 13*m + 8. What is b(l)?
-4
Let l(f) be the second derivative of 0 + 1/2*f**3 + 7/2*f**2 - f. Let x(c) = -2*c - 4. Let g(u) = -3*l(u) - 5*x(u). What is g(4)?
3
Let i be 9 + 0 - 5/((-10)/4). Let b(s) = -s**2 + 8*s - 5 + 0*s**2 + 9*s - i*s. Let h = -11 + 16. Determine b(h).
0
Let s(o) be the second derivative of 3*o**3/2 - 42*o**2 + 3*o - 61. Determine s(9).
-3
Suppose 0 = 16*w - 3*w - 26. Let m(d) = 3*d**2 - 5*d**2 - 2*d**2 - d. Give m(w).
-18
Let s(i) be the second derivative of -i**4/12 + i**3 - 3*i**2/2 + i - 5. Suppose 5*f + 0*f = 5*v + 50, -2*v = -3*f + 28. Let l = f - 4. Give s(l).
5
Let a = 25 + -17. Let i(l) = l - 6. Determine i(a).
2
Let m(x) = -x**2 - 11. Let v(r) = -7*r**2 + 9*r - 53. Let z(u) = 6*m(u) - v(u). Give z(9).
-13
Let k(z) = 67*z + 189. Let g be k(-3). Let r(x) = x + 16. Determine r(g).
4
Let x(c) = -15*c**3 + 1. Let z(a) = a**3 - 20*a**2 + 18*a + 20. Let t be z(19). What is x(t)?
-14
Let h be (-3)/4 - 4/(64/(-76)). Suppose -c + 4*u - 9 = -4, 2 = 2*c + h*u. Let t(d) = 2*d**3 - 3*d**2 + 0*d**2 + 4*d**2. Calculate t(c).
-1
Let u(k) = -k + 24. Let g(y) = 4*y - 79. Let q(d) = 2*g(d) + 7*u(d). Calculate q(-4).
6
Let q(d) = 0*d**3 + 6 - d**3 + 0*d**3 + 310*d - 309*d. Calculate q(0).
6
Let j(u) = -4*u - 1. Let k(x) = -x**3 + 16*x**2 + 2*x - 29. Let b be k(16). Give j(b).
-13
Let u(x) = -2*x. Let s(k) = -27*k + 104. Let f be s(4). Let j(c) = -5 + 0*c - c - c. Let t be j(f). Calculate u(t).
-6
Let a(x) = 0*x**2 - x**3 - x + 6 - 6*x**2 + 0*x**2. Let g be 18/(-5)*130/78. Determine a(g).
12
Let g(h)